{"id":4,"date":"2013-07-24T14:09:38","date_gmt":"2013-07-24T14:09:38","guid":{"rendered":"http:\/\/localhost\/eventos\/?page_id=4"},"modified":"2025-08-07T14:22:25","modified_gmt":"2025-08-07T17:22:25","slug":"sobre-o-evento","status":"publish","type":"page","link":"https:\/\/revistaextensaoeculturaemfoco.crp.ufv.br\/","title":{"rendered":"Apresenta\u00e7\u00e3o"},"content":{"rendered":"<div><\/div>\n<div style=\"text-align: left;\">A <strong>Revista Extens\u00e3o e Cultura em Foco<\/strong>\u00a0<strong>(ISSN: 2763-9592)<\/strong> \u2013 iniciativa da Diretoria de Extens\u00e3o e Cultura (DXC) da Universidade Federal de Vi\u00e7osa Campus Rio Parana\u00edba (UFV CRP) &#8211; foi criada com o intuito de reconhecer e socializar as atividades extensionistas e culturais da Institui\u00e7\u00e3o e de outras universidades. Objetiva, portanto, divulgar programas, projetos, cursos, eventos e demais atividades de extens\u00e3o e cultura, de modo a difundir conhecimento e oportunidades \u00e0 comunidade acad\u00eamica e \u00e0 sociedade em geral.<\/div>\n","protected":false},"excerpt":{"rendered":"<p>A Revista Extens\u00e3o e Cultura em Foco\u00a0(ISSN: 2763-9592) \u2013 iniciativa da Diretoria de Extens\u00e3o e Cultura (DXC) da Universidade Federal de Vi\u00e7osa Campus Rio Parana\u00edba (UFV CRP) &#8211; foi criada com o intuito de reconhecer e socializar as atividades extensionistas &hellip; <a href=\"https:\/\/revistaextensaoeculturaemfoco.crp.ufv.br\/\">Leia mais<\/a><\/p>\n","protected":false},"author":1,"featured_media":0,"parent":0,"menu_order":0,"comment_status":"closed","ping_status":"closed","template":"inicio-page.php","meta":{"footnotes":""},"class_list":["post-4","page","type-page","status-publish","hentry"],"_links":{"self":[{"href":"https:\/\/revistaextensaoeculturaemfoco.crp.ufv.br\/index.php?rest_route=\/wp\/v2\/pages\/4","targetHints":{"allow":["GET"]}}],"collection":[{"href":"https:\/\/revistaextensaoeculturaemfoco.crp.ufv.br\/index.php?rest_route=\/wp\/v2\/pages"}],"about":[{"href":"https:\/\/revistaextensaoeculturaemfoco.crp.ufv.br\/index.php?rest_route=\/wp\/v2\/types\/page"}],"author":[{"embeddable":true,"href":"https:\/\/revistaextensaoeculturaemfoco.crp.ufv.br\/index.php?rest_route=\/wp\/v2\/users\/1"}],"replies":[{"embeddable":true,"href":"https:\/\/revistaextensaoeculturaemfoco.crp.ufv.br\/index.php?rest_route=%2Fwp%2Fv2%2Fcomments&post=4"}],"version-history":[{"count":65,"href":"https:\/\/revistaextensaoeculturaemfoco.crp.ufv.br\/index.php?rest_route=\/wp\/v2\/pages\/4\/revisions"}],"predecessor-version":[{"id":1384,"href":"https:\/\/revistaextensaoeculturaemfoco.crp.ufv.br\/index.php?rest_route=\/wp\/v2\/pages\/4\/revisions\/1384"}],"wp:attachment":[{"href":"https:\/\/revistaextensaoeculturaemfoco.crp.ufv.br\/index.php?rest_route=%2Fwp%2Fv2%2Fmedia&parent=4"}],"curies":[{"name":"wp","href":"https:\/\/api.w.org\/{rel}","templated":true}]}}